{"id":12,"date":"2016-05-24T10:12:58","date_gmt":"2016-05-24T09:12:58","guid":{"rendered":"http:\/\/ssmsoignies.be\/?page_id=12"},"modified":"2025-02-20T16:19:39","modified_gmt":"2025-02-20T15:19:39","slug":"equipe","status":"publish","type":"page","link":"https:\/\/ssmsoignies.be\/index.php\/equipe\/","title":{"rendered":"Equipe"},"content":{"rendered":"<p><span style=\"color: #000000;\"><strong><em>Directeur administratif :<br \/>\n<\/em><\/strong><\/span><\/p>\n<ul>\n<li><span style=\"color: #000000;\">R. Weber<\/span><\/li>\n<\/ul>\n<p><span style=\"color: #000000;\"><strong><em>Equipe :<\/em><\/strong><\/span><\/p>\n<p><span style=\"color: #000000;\">Psychologue &#8211; S. Libert<\/span><\/p>\n<p><span style=\"color: #000000;\">Psychologue &#8211; C. Goovaerts<\/span><\/p>\n<p><span style=\"color: #000000;\">Psychologue &#8211; P. Wattier<\/span><\/p>\n<p><span style=\"color: #000000;\">Psychologue &#8211; C. Stordeur<\/span><\/p>\n<p><span style=\"color: #000000;\">Assistante sociale &#8211; R. Weber<\/span><\/p>\n<p><span style=\"color: #000000;\">Secr\u00e9taire &#8211; S. Fadda<\/span><\/p>\n<p><span style=\"color: #000000;\">______________________________________________<\/span><\/p>\n<p><span style=\"color: #000000;\">Les r\u00e9f\u00e9rents th\u00e9oriques et outils de travail de l&rsquo;\u00e9quipe s&rsquo;appuient sur les courants psychanalytique et syst\u00e9mique qui offrent une compl\u00e9mentarit\u00e9 dans le travail d&rsquo;un service de sant\u00e9 mentale g\u00e9n\u00e9raliste.\u00a0 D&rsquo;autres outils de diagnostic psychologique peuvent \u00eatre utilis\u00e9s.<\/span><\/p>\n<p><span style=\"color: #000000;\">Les membres de l&rsquo;\u00e9quipe sont tenus au secret professionnel.<\/span><\/p>\n","protected":false},"excerpt":{"rendered":"<p>Directeur administratif : R. Weber Equipe : Psychologue &#8211; S. Libert Psychologue &#8211; C. Goovaerts Psychologue &#8211; P. Wattier Psychologue &#8211; C. Stordeur Assistante sociale &#8211; R. Weber Secr\u00e9taire &#8211; S. Fadda ______________________________________________ Les r\u00e9f\u00e9rents th\u00e9oriques et outils de travail de l&rsquo;\u00e9quipe s&rsquo;appuient sur les courants psychanalytique et syst\u00e9mique qui offrent une compl\u00e9mentarit\u00e9 dans le [&hellip;]<\/p>\n","protected":false},"author":1,"featured_media":87,"parent":0,"menu_order":0,"comment_status":"closed","ping_status":"closed","template":"","meta":[],"_links":{"self":[{"href":"https:\/\/ssmsoignies.be\/index.php\/wp-json\/wp\/v2\/pages\/12"}],"collection":[{"href":"https:\/\/ssmsoignies.be\/index.php\/wp-json\/wp\/v2\/pages"}],"about":[{"href":"https:\/\/ssmsoignies.be\/index.php\/wp-json\/wp\/v2\/types\/page"}],"author":[{"embeddable":true,"href":"https:\/\/ssmsoignies.be\/index.php\/wp-json\/wp\/v2\/users\/1"}],"replies":[{"embeddable":true,"href":"https:\/\/ssmsoignies.be\/index.php\/wp-json\/wp\/v2\/comments?post=12"}],"version-history":[{"count":16,"href":"https:\/\/ssmsoignies.be\/index.php\/wp-json\/wp\/v2\/pages\/12\/revisions"}],"predecessor-version":[{"id":269,"href":"https:\/\/ssmsoignies.be\/index.php\/wp-json\/wp\/v2\/pages\/12\/revisions\/269"}],"wp:featuredmedia":[{"embeddable":true,"href":"https:\/\/ssmsoignies.be\/index.php\/wp-json\/wp\/v2\/media\/87"}],"wp:attachment":[{"href":"https:\/\/ssmsoignies.be\/index.php\/wp-json\/wp\/v2\/media?parent=12"}],"curies":[{"name":"wp","href":"https:\/\/api.w.org\/{rel}","templated":true}]}}